
Is 447017051 a composite number?
True
Is 19907527 a composite number?
True
Is 16344539 a prime number?
True
Is 11115427 a prime number?
True
Is 2940841 a prime number?
False
Is 7351637 a composite number?
False
Is 3582245 a prime number?
False
Is 2638919 composite?
False
Is 8632069 prime?
True
Is 6906145 prime?
False
Is 30852233 prime?
True
Is 40346587 prime?
True
Is 113628611 a prime number?
True
Is 2258779 composite?
False
Is 24789781 composite?
False
Is 11058535 a composite number?
True
Is 151650409 composite?
False
Is 154282901 composite?
True
Is 4371743 composite?
False
Is 36506459 a composite number?
True
Is 1665753 composite?
True
Is 1861529 composite?
True
Is 99527479 prime?
True
Is 137278 a prime number?
False
Is 227081 prime?
True
Is 2708801 a prime number?
True
Is 242194861 composite?
True
Is 1714757 a prime number?
False
Is 4249237 a composite number?
False
Is 24197651 composite?
False
Is 180874909 a composite number?
False
Is 936250613 composite?
False
Is 66817219 a prime number?
False
Is 16264043 a prime number?
False
Is 197393719 a composite number?
False
Is 2482177 a composite number?
False
Is 2351183 prime?
False
Is 287317 a composite number?
True
Is 154665047 a composite number?
True
Is 16606277 a composite number?
True
Is 1903169 a prime number?
False
Is 5060741 prime?
False
Is 9351587 a composite number?
True
Is 25675397 composite?
True
Is 10446479 a composite number?
False
Is 62632445 prime?
False
Is 24393749 a prime number?
True
Is 7232089 a prime number?
False
Is 7719233 composite?
True
Is 163759 prime?
False
Is 120471583 prime?
True
Is 970027 a composite number?
False
Is 5077967 a composite number?
False
Is 47625371 prime?
True
Is 28440143 prime?
False
Is 123683487 a prime number?
False
Is 3704237 a composite number?
False
Is 400620673 prime?
True
Is 1072679 a prime number?
False
Is 12385819 a prime number?
True
Is 13771 a prime number?
False
Is 1561877 a composite number?
True
Is 1933819 prime?
True
Is 389651 composite?
False
Is 11663506 a prime number?
False
Is 415201 a composite number?
False
Is 1661969 a composite number?
False
Is 876181 a composite number?
False
Is 188789155 a composite number?
True
Is 4200433 a prime number?
True
Is 5607871 a composite number?
False
Is 19228439 prime?
False
Is 1773383 composite?
True
Is 166302553 composite?
False
Is 64573039 composite?
True
Is 3489623 composite?
True
Is 38784677 a prime number?
False
Is 397704113 a composite number?
True
Is 181681891 a prime number?
False
Is 752155 a prime number?
False
Is 647285333 a prime number?
False
Is 61269841 prime?
True
Is 72793415 a composite number?
True
Is 1278594581 a prime number?
False
Is 84788281 a prime number?
False
Is 11001607 composite?
False
Is 1009837 a composite number?
False
Is 1295381 prime?
False
Is 5398259 composite?
False
Is 39065993 composite?
False
Is 3843097 a composite number?
False
Is 153784621 a composite number?
True
Is 12822487 a composite number?
True
Is 703529 a composite number?
True
Is 185694091 a prime number?
False
Is 3907571 prime?
True
Is 48631403 a composite number?
False
Is 22110923 a composite number?
True
Is 277140053 composite?
False
Is 1578971 a prime number?
False
Is 3578681 prime?
True
Is 6434123 a composite number?
False
Is 462755 prime?
False
Is 12037719 composite?
True
Is 443939 composite?
False
Is 99851639 a prime number?
True
Is 7310543 a prime number?
True
Is 144626009 a prime number?
False
Is 371739061 a composite number?
False
Is 8810669 prime?
False
Is 106731169 composite?
True
Is 3077203 prime?
True
Is 19682545 prime?
False
Is 535928441 a prime number?
True
Is 9145159 a prime number?
True
Is 15418349 composite?
True
Is 133266311 composite?
False
Is 18382537 composite?
False
Is 44055491 prime?
True
Is 83467561 a composite number?
False
Is 31086709 prime?
True
Is 4397711 prime?
False
Is 1990867 a composite number?
False
Is 147536923 a composite number?
False
Is 138539509 a composite number?
True
Is 2405063 a composite number?
False
Is 36972701 a prime number?
True
Is 1244713 composite?
False
Is 30983269 a composite number?
False
Is 25569091 prime?
True
Is 2245613 composite?
True
Is 72905573 composite?
True
Is 8605481 prime?
True
Is 185261303 composite?
False
Is 2854682 a composite number?
True
Is 1718421 a composite number?
True
Is 2897119 a composite number?
False
Is 53498647 a prime number?
False
Is 23621687 a composite number?
True
Is 399397 composite?
True
Is 9165283 a prime number?
True
Is 129506521 a prime number?
False
Is 137216179 a prime number?
False
Is 17452309 a composite number?
True
Is 4504177 composite?
True
Is 853949 composite?
False
Is 1646711587 composite?
False
Is 1003507 composite?
False
Is 8044867 prime?
True
Is 124483859 prime?
False
Is 1783949 a prime number?
False
Is 29966509 prime?
False
Is 6654639 composite?
True
Is 4846079 a composite number?
True
Is 1707137 a composite number?
False
Is 2083241 a prime number?
False
Is 683119 prime?
True
Is 1673833 a prime number?
False
Is 23648579 a composite number?
False
Is 5832067 a prime number?
False
Is 44772823 a prime number?
True
Is 247022011 a prime number?
False
Is 142364167 prime?
False
Is 136160659 a prime number?
True
Is 14183927 a prime number?
False
Is 58664759 a prime number?
False
Is 2367373 a prime number?
False
Is 179123617 a composite number?
False
Is 1566947509 a composite number?
False
Is 3664103 a prime number?
True
Is 7708921 a prime number?
False
Is 5340709 a composite number?
True
Is 8462105 a prime number?
False
Is 19572251 composite?
True
Is 1059961 a prime number?
False
Is 360834119 prime?
False
Is 7919147 composite?
True
Is 3385523 a prime number?
False
Is 98974687 prime?
False
Is 4750561 prime?
True
Is 50069203 a prime number?
False
Is 55255199 a prime number?
True
Is 66349937 a composite number?
False
Is 2420863 a composite number?
False
Is 416387 prime?
True
Is 38421013 a composite number?
True
Is 84925355 composite?
True
Is 264034187 composite?
True
Is 2624719 composite?
True
Is 6404227 a prime number?
True
Is 421463821 a prime number?
False
Is 10779151 prime?
False
Is 14888641 prime?
False
Is 15096001 a prime number?
False
Is 613903 prime?
True
Is 68934449 composite?
False
Is 4088137 a composite number?
False
Is 209291245 a prime number?
False
Is 36385313 a prime number?
True
Is 1683954391 a prime number?
False
Is 1558229 prime?
False
Is 870719 composite?
True
Is 30260059 composite?
False
Is 16228691 a prime number?
False
Is 1547339 composite?
False
Is 8466917 composite?
False
Is 73389743 composite?
True
Is 16393969 composite?
False
Is 340391951 prime?
True
Is 12064139 composite?
False
Is 114047489 a composite number?
False
Is 38605267 composite?
True
Is 15774337 prime?
False
Is 476321 prime?
False
Is 99626669 a composite number?
True
Is 375996833 a composite number?
True
Is 4120097 prime?
True
Is 753599819 composite?
True
Is 1671907 prime?
True
Is 19880051 prime?
False
Is 43854719 a composite number?
True
Is 247160887 prime?
True
Is 50287859 composite?
True
Is 112731833 prime?
False
Is 213797257 prime?
True
Is 8076911 prime?
True
Is 1161664567 a prime number?
False
Is 979524701 a prime number?
False
Is 117122323 a composite number?
False
Is 4327153 composite?
False
Is 14277497 prime?
False
Is 347591957 prime?
True
Is 521204767 a prime number?
False
Is 59069999 a composite number?
False
Is 690509 a prime number?
True
Is 478721 prime?
False
Is 122585 composite?
True
Is 5815058 a composite number?
True
Is 512779 composite?
False
Is 271970651 a prime number?
True
Is 1523867 a prime number?
False
Is 2987021 prime?
True
Is 2893631 a prime number?
False
Is 10123501 composite?
True
Is 5501747 a prime number?
False
Is 12173815 prime?
False
Is 3302639 prime?
False
Is 334449859 composite?
False
Is 97967531 a composite number?
False
Is 87909455 a composite number?
True
Is 187408087 prime?
True
Is 7240777 composite?
True
Is 8667793 prime?
True
Is 55168429 composite?
False
Is 1075445797 prime?
True
Is 1333875121 a prime number?
True
Is 24147661 prime?
True
Is 61094741 prime?
False
Is 2462053 a prime number?
False
Is 4139533 composite?
False
Is 492638693 composite?
False
Is 255545 composite?
True
Is 27781501 a prime number?
False
Is 1370573 a prime number?
True
Is 190226027 composite?
False
Is 604573 c